{"id":88,"date":"2024-04-08T07:39:15","date_gmt":"2024-04-08T07:39:15","guid":{"rendered":"https:\/\/dosgranos2.4vlab.org\/?post_type=product&#038;p=88"},"modified":"2024-04-22T20:47:52","modified_gmt":"2024-04-22T20:47:52","slug":"cafetera-inteligente","status":"publish","type":"product","link":"https:\/\/dosgranos2.4vlab.org\/?product=cafetera-inteligente","title":{"rendered":"CAFETERA INTELIGENTE"},"content":{"rendered":"<p>Capacidad y tipos de caf\u00e9: Pueden variar en capacidad, desde modelos individuales hasta aquellos dise\u00f1ados para preparar m\u00faltiples tazas. Algunas pueden preparar diferentes tipos de caf\u00e9, como espresso, caf\u00e9 americano, capuchino, latte, entre otros.<\/p>\n<p>Pantalla t\u00e1ctil o panel de control intuitivo: La cafetera inteligente est\u00e1 equipada con una pantalla t\u00e1ctil o un panel de control intuitivo que permite al usuario navegar f\u00e1cilmente por las opciones de preparaci\u00f3n y ajustes.<\/p>\n<p>Notificaciones y alertas: La cafetera puede enviar notificaciones al dispositivo m\u00f3vil del usuario para informar sobre el progreso del caf\u00e9, como cuando est\u00e1 listo para ser servido o si necesita rellenar los granos de caf\u00e9 o el agua. Tambi\u00e9n puede alertar sobre la necesidad de realizar tareas de mantenimiento, como limpieza o descalcificaci\u00f3n.<\/p>\n<p>Dise\u00f1o y tama\u00f1o: Nuestras cafeteras inteligentes dom\u00e9sticas est\u00e1n disponibles en una variedad de dise\u00f1os y tama\u00f1os para adaptarse a las preferencias est\u00e9ticas y las necesidades de espacio de cada hogar.<\/p>\n","protected":false},"excerpt":{"rendered":"<div class=\"woocommerce-product-details__short-description\">\n<p>\u00abDescubre la revoluci\u00f3n del caf\u00e9 con nuestra Cafetera DosGranos Inteligente. Con su dise\u00f1o elegante y tecnolog\u00eda de vanguardia, disfruta de una experiencia de caf\u00e9 sin igual. Gracias a su innovador sistema, podr\u00e1s saborear la frescura y la intensidad de dos tipos de granos de caf\u00e9 en cada taza, todo controlado con la facilidad de un solo toque. \u00a1Despierta tus sentidos con cada sorbo!\u00bb<\/p>\n<\/div>\n<form class=\"cart\" action=\"https:\/\/dosgranos1.4vlab.org\/?product=cafetera-dos-granos-inteligente\" enctype=\"multipart\/form-data\" method=\"post\">\n<div class=\"quantity\"><\/div>\n<\/form>\n","protected":false},"featured_media":95,"comment_status":"open","ping_status":"closed","template":"","meta":[],"product_cat":[19],"product_tag":[],"_links":{"self":[{"href":"https:\/\/dosgranos2.4vlab.org\/index.php?rest_route=\/wp\/v2\/product\/88"}],"collection":[{"href":"https:\/\/dosgranos2.4vlab.org\/index.php?rest_route=\/wp\/v2\/product"}],"about":[{"href":"https:\/\/dosgranos2.4vlab.org\/index.php?rest_route=\/wp\/v2\/types\/product"}],"replies":[{"embeddable":true,"href":"https:\/\/dosgranos2.4vlab.org\/index.php?rest_route=%2Fwp%2Fv2%2Fcomments&post=88"}],"wp:featuredmedia":[{"embeddable":true,"href":"https:\/\/dosgranos2.4vlab.org\/index.php?rest_route=\/wp\/v2\/media\/95"}],"wp:attachment":[{"href":"https:\/\/dosgranos2.4vlab.org\/index.php?rest_route=%2Fwp%2Fv2%2Fmedia&parent=88"}],"wp:term":[{"taxonomy":"product_cat","embeddable":true,"href":"https:\/\/dosgranos2.4vlab.org\/index.php?rest_route=%2Fwp%2Fv2%2Fproduct_cat&post=88"},{"taxonomy":"product_tag","embeddable":true,"href":"https:\/\/dosgranos2.4vlab.org\/index.php?rest_route=%2Fwp%2Fv2%2Fproduct_tag&post=88"}],"curies":[{"name":"wp","href":"https:\/\/api.w.org\/{rel}","templated":true}]}}